{"id":336,"date":"2016-12-19T00:37:11","date_gmt":"2016-12-19T00:37:11","guid":{"rendered":"http:\/\/corfhu.cl\/demo\/?page_id=336"},"modified":"2016-12-19T00:38:18","modified_gmt":"2016-12-19T00:38:18","slug":"consultorias-en-convenio-marco-corporacion-futuro-humano-corfhu","status":"publish","type":"page","link":"https:\/\/corfhu.cl\/demo\/consultorias-en-convenio-marco-corporacion-futuro-humano-corfhu\/","title":{"rendered":"Consultor\u00edas en Convenio Marco Corporaci\u00f3n Futuro Humano &#8211; CORFHU"},"content":{"rendered":"<div class=\"flex_column av_one_full  flex_column_div av-zero-column-padding first  \" style='border-radius:0px; '><section class=\"av_textblock_section \"  itemscope=\"itemscope\" itemtype=\"https:\/\/schema.org\/CreativeWork\" ><div class='avia_textblock  '   itemprop=\"text\" ><table>\n<tbody>\n<tr>\n<td><b>Consultor\u00eda<\/b><\/td>\n<td><b>Valor por hora<\/b><\/td>\n<td><b>Regiones<\/b><\/td>\n<\/tr>\n<tr>\n<td>\n<ol>\n<li style=\"font-weight: 400;\"><span style=\"font-weight: 400;\">Asesor\u00eda en Gesti\u00f3n por Competencias. <\/span><\/li>\n<\/ol>\n<\/td>\n<td><span style=\"font-weight: 400;\">3,2 UF\/hra.<\/span><\/p>\n<p><span style=\"font-weight: 400;\">3,9 UF\/hra.<\/span><\/td>\n<td><span style=\"font-weight: 400;\">IV, V, RM, VI, VII, VIII, IX, XIV, X.<\/span><\/p>\n<p><span style=\"font-weight: 400;\">XV, I, II, III, XI, XII.<\/span><\/td>\n<\/tr>\n<tr>\n<td>\n<ol>\n<li style=\"font-weight: 400;\"><span style=\"font-weight: 400;\">Asesor\u00eda y Facilitaci\u00f3n en Mecanismos y Metodolog\u00edas de Gesti\u00f3n Participativa para el Alineamiento Organizacional.<\/span><\/li>\n<\/ol>\n<\/td>\n<td><span style=\"font-weight: 400;\">3,2 UF\/hra.<\/span><\/p>\n<p><span style=\"font-weight: 400;\">3,9 UF\/hra.<\/span><\/td>\n<td><span style=\"font-weight: 400;\">IV, V, RM, VI, VII, VIII, IX, XIV, X.<\/span><\/p>\n<p><span style=\"font-weight: 400;\">XV, I, II, III, XI, XII.<\/span><\/td>\n<\/tr>\n<tr>\n<td>\n<ol>\n<li style=\"font-weight: 400;\"><span style=\"font-weight: 400;\">Coaching.<\/span><\/li>\n<\/ol>\n<\/td>\n<td><span style=\"font-weight: 400;\">4,2 UF\/hra.<\/span><\/p>\n<p><span style=\"font-weight: 400;\">5,3 UF\/hra.<\/span><\/td>\n<td><span style=\"font-weight: 400;\">IV, V, RM, VI, VII, VIII, IX, XIV, X.<\/span><\/p>\n<p><span style=\"font-weight: 400;\">XV, I, II, III, XI, XII.<\/span><\/td>\n<\/tr>\n<tr>\n<td>\n<ol>\n<li style=\"font-weight: 400;\"><span style=\"font-weight: 400;\">Consultor\u00eda en Clima Laboral o factores psicosociales que pueden incluir plan de intervenci\u00f3n.<\/span><\/li>\n<\/ol>\n<\/td>\n<td><span style=\"font-weight: 400;\">3,2 UF\/hra.<\/span><\/p>\n<p><span style=\"font-weight: 400;\">3,9 UF\/hra.<\/span><\/td>\n<td><span style=\"font-weight: 400;\">IV, V, RM, VI, VII, VIII, IX, XIV, X.<\/span><\/p>\n<p><span style=\"font-weight: 400;\">XV, I, II, III, XI, XII.<\/span><\/td>\n<\/tr>\n<tr>\n<td>\n<ol>\n<li style=\"font-weight: 400;\"><span style=\"font-weight: 400;\">Dise\u00f1o e Implementaci\u00f3n de Programas y Acciones que Permitan Mejorar la Calidad de Vida de los Funcionarios. <\/span><\/li>\n<\/ol>\n<\/td>\n<td><span style=\"font-weight: 400;\">3,2 UF\/hra.<\/span><\/p>\n<p><span style=\"font-weight: 400;\">3,9 UF\/hra.<\/span><\/td>\n<td><span style=\"font-weight: 400;\">IV, V, RM, VI, VII, VIII, IX, XIV, X.<\/span><\/p>\n<p><span style=\"font-weight: 400;\">XV, I, II, III, XI, XII.<\/span><\/td>\n<\/tr>\n<tr>\n<td>\n<ol>\n<li style=\"font-weight: 400;\"><span style=\"font-weight: 400;\">Planes y Programas de Cambio Planificado.<\/span><\/li>\n<\/ol>\n<\/td>\n<td><span style=\"font-weight: 400;\">3,2 UF\/hra.<\/span><\/p>\n<p><span style=\"font-weight: 400;\">3,9 UF\/hra.<\/span><\/td>\n<td><span style=\"font-weight: 400;\">IV, V, RM, VI, VII, VIII, IX, XIV, X.<\/span><\/p>\n<p><span style=\"font-weight: 400;\">XV, I, II, III, XI, XII.<\/span><\/td>\n<\/tr>\n<tr>\n<td>\n<ol>\n<li style=\"font-weight: 400;\"><span style=\"font-weight: 400;\">Programa de Formaci\u00f3n Directiva para Personas con Responsabilidad de Conducci\u00f3n de Equipos.<\/span><\/li>\n<\/ol>\n<\/td>\n<td><span style=\"font-weight: 400;\">4,2 UF\/hra.<\/span><\/p>\n<p><span style=\"font-weight: 400;\">5,3 UF\/hra.<\/span><\/td>\n<td><span style=\"font-weight: 400;\">IV, V, RM, VI, VII, VIII, IX, XIV, X.<\/span><\/p>\n<p><span style=\"font-weight: 400;\">XV, I, II, III, XI, XII.<\/span><\/td>\n<\/tr>\n<\/tbody>\n<\/table>\n<p><span style=\"font-weight: 400;\">Seg\u00fan lo estipulado en la Licitaci\u00f3n ID 2239-4-LR16 \u201cConvenio Marco Servicios de Reclutamiento, Selecci\u00f3n y Consultor\u00edas en Desarrollo y Gesti\u00f3n de Personas\u201d, estos servicios se cobran en UF por hora, con valores diferenciados por Regi\u00f3n, de acuerdo al Programa de trabajo acordado con el cliente.<\/span><\/p>\n<\/div><\/section><\/div>\n<!-- AddThis Advanced Settings generic via filter on the_content --><!-- AddThis Share Buttons generic via filter on the_content -->","protected":false},"excerpt":{"rendered":"<p><!-- AddThis Advanced Settings generic via filter on get_the_excerpt --><!-- AddThis Share Buttons generic via filter on get_the_excerpt --><\/p>\n","protected":false},"author":1,"featured_media":0,"parent":0,"menu_order":0,"comment_status":"closed","ping_status":"closed","template":"","meta":{"footnotes":""},"class_list":["post-336","page","type-page","status-publish","hentry"],"_links":{"self":[{"href":"https:\/\/corfhu.cl\/demo\/wp-json\/wp\/v2\/pages\/336","targetHints":{"allow":["GET"]}}],"collection":[{"href":"https:\/\/corfhu.cl\/demo\/wp-json\/wp\/v2\/pages"}],"about":[{"href":"https:\/\/corfhu.cl\/demo\/wp-json\/wp\/v2\/types\/page"}],"author":[{"embeddable":true,"href":"https:\/\/corfhu.cl\/demo\/wp-json\/wp\/v2\/users\/1"}],"replies":[{"embeddable":true,"href":"https:\/\/corfhu.cl\/demo\/wp-json\/wp\/v2\/comments?post=336"}],"version-history":[{"count":1,"href":"https:\/\/corfhu.cl\/demo\/wp-json\/wp\/v2\/pages\/336\/revisions"}],"predecessor-version":[{"id":337,"href":"https:\/\/corfhu.cl\/demo\/wp-json\/wp\/v2\/pages\/336\/revisions\/337"}],"wp:attachment":[{"href":"https:\/\/corfhu.cl\/demo\/wp-json\/wp\/v2\/media?parent=336"}],"curies":[{"name":"wp","href":"https:\/\/api.w.org\/{rel}","templated":true}]}}

Consultorías en Convenio Marco Corporación Futuro Humano &#8211; CORFHU

<div class="flex_column av_one_full  flex_column_div av-zero-column-padding first  " style='border-radius:0px; '><section class="av_textblock_section "  itemscope="itemscope" itemtype="https://schema.org/CreativeWork" ><div class='avia_textblock  '   itemprop="text" ><table>
<tbody>
<tr>
<td><b>Consultoría</b></td>
<td><b>Valor por hora</b></td>
<td><b>Regiones</b></td>
</tr>
<tr>
<td>
<ol>
<li style="font-weight: 400;"><span style="font-weight: 400;">Asesoría en Gestión por Competencias. </span></li>
</ol>
</td>
<td><span style="font-weight: 400;">3,2 UF/hra.</span></p>
<p><span style="font-weight: 400;">3,9 UF/hra.</span></td>
<td><span style="font-weight: 400;">IV, V, RM, VI, VII, VIII, IX, XIV, X.</span></p>
<p><span style="font-weight: 400;">XV, I, II, III, XI, XII.</span></td>
</tr>
<tr>
<td>
<ol>
<li style="font-weight: 400;"><span style="font-weight: 400;">Asesoría y Facilitación en Mecanismos y Metodologías de Gestión Participativa para el Alineamiento Organizacional.</span></li>
</ol>
</td>
<td><span style="font-weight: 400;">3,2 UF/hra.</span></p>
<p><span style="font-weight: 400;">3,9 UF/hra.</span></td>
<td><span style="font-weight: 400;">IV, V, RM, VI, VII, VIII, IX, XIV, X.</span></p>
<p><span style="font-weight: 400;">XV, I, II, III, XI, XII.</span></td>
</tr>
<tr>
<td>
<ol>
<li style="font-weight: 400;"><span style="font-weight: 400;">Coaching.</span></li>
</ol>
</td>
<td><span style="font-weight: 400;">4,2 UF/hra.</span></p>
<p><span style="font-weight: 400;">5,3 UF/hra.</span></td>
<td><span style="font-weight: 400;">IV, V, RM, VI, VII, VIII, IX, XIV, X.</span></p>
<p><span style="font-weight: 400;">XV, I, II, III, XI, XII.</span></td>
</tr>
<tr>
<td>
<ol>
<li style="font-weight: 400;"><span style="font-weight: 400;">Consultoría en Clima Laboral o factores psicosociales que pueden incluir plan de intervención.</span></li>
</ol>
</td>
<td><span style="font-weight: 400;">3,2 UF/hra.</span></p>
<p><span style="font-weight: 400;">3,9 UF/hra.</span></td>
<td><span style="font-weight: 400;">IV, V, RM, VI, VII, VIII, IX, XIV, X.</span></p>
<p><span style="font-weight: 400;">XV, I, II, III, XI, XII.</span></td>
</tr>
<tr>
<td>
<ol>
<li style="font-weight: 400;"><span style="font-weight: 400;">Diseño e Implementación de Programas y Acciones que Permitan Mejorar la Calidad de Vida de los Funcionarios. </span></li>
</ol>
</td>
<td><span style="font-weight: 400;">3,2 UF/hra.</span></p>
<p><span style="font-weight: 400;">3,9 UF/hra.</span></td>
<td><span style="font-weight: 400;">IV, V, RM, VI, VII, VIII, IX, XIV, X.</span></p>
<p><span style="font-weight: 400;">XV, I, II, III, XI, XII.</span></td>
</tr>
<tr>
<td>
<ol>
<li style="font-weight: 400;"><span style="font-weight: 400;">Planes y Programas de Cambio Planificado.</span></li>
</ol>
</td>
<td><span style="font-weight: 400;">3,2 UF/hra.</span></p>
<p><span style="font-weight: 400;">3,9 UF/hra.</span></td>
<td><span style="font-weight: 400;">IV, V, RM, VI, VII, VIII, IX, XIV, X.</span></p>
<p><span style="font-weight: 400;">XV, I, II, III, XI, XII.</span></td>
</tr>
<tr>
<td>
<ol>
<li style="font-weight: 400;"><span style="font-weight: 400;">Programa de Formación Directiva para Personas con Responsabilidad de Conducción de Equipos.</span></li>
</ol>
</td>
<td><span style="font-weight: 400;">4,2 UF/hra.</span></p>
<p><span style="font-weight: 400;">5,3 UF/hra.</span></td>
<td><span style="font-weight: 400;">IV, V, RM, VI, VII, VIII, IX, XIV, X.</span></p>
<p><span style="font-weight: 400;">XV, I, II, III, XI, XII.</span></td>
</tr>
</tbody>
</table>
<p><span style="font-weight: 400;">Según lo estipulado en la Licitación ID 2239-4-LR16 “Convenio Marco Servicios de Reclutamiento, Selección y Consultorías en Desarrollo y Gestión de Personas”, estos servicios se cobran en UF por hora, con valores diferenciados por Región, de acuerdo al Programa de trabajo acordado con el cliente.</span></p>
</div></section></div>
<!-- AddThis Advanced Settings generic via filter on the_content --><!-- AddThis Share Buttons generic via filter on the_content -->
