{"id":672,"date":"2016-12-28T15:36:22","date_gmt":"2016-12-28T15:36:22","guid":{"rendered":"http:\/\/corfhu.cl\/demo\/?page_id=672"},"modified":"2016-12-28T15:36:22","modified_gmt":"2016-12-28T15:36:22","slug":"pagina-de-confirmacion-de-suscripcion-al-boletin","status":"publish","type":"page","link":"https:\/\/corfhu.cl\/demo\/pagina-de-confirmacion-de-suscripcion-al-boletin\/","title":{"rendered":"Pagina de confirmaci\u00f3n de suscripci\u00f3n al Bolet\u00edn"},"content":{"rendered":"<!-- AddThis Advanced Settings generic via filter on the_content --><!-- AddThis Share Buttons generic via filter on the_content -->","protected":false},"excerpt":{"rendered":"<p><!-- AddThis Advanced Settings generic via filter on get_the_excerpt --><!-- AddThis Share Buttons generic via filter on get_the_excerpt --><\/p>\n","protected":false},"author":1,"featured_media":0,"parent":0,"menu_order":0,"comment_status":"closed","ping_status":"closed","template":"","meta":{"footnotes":""},"class_list":["post-672","page","type-page","status-publish","hentry"],"_links":{"self":[{"href":"https:\/\/corfhu.cl\/demo\/wp-json\/wp\/v2\/pages\/672","targetHints":{"allow":["GET"]}}],"collection":[{"href":"https:\/\/corfhu.cl\/demo\/wp-json\/wp\/v2\/pages"}],"about":[{"href":"https:\/\/corfhu.cl\/demo\/wp-json\/wp\/v2\/types\/page"}],"author":[{"embeddable":true,"href":"https:\/\/corfhu.cl\/demo\/wp-json\/wp\/v2\/users\/1"}],"replies":[{"embeddable":true,"href":"https:\/\/corfhu.cl\/demo\/wp-json\/wp\/v2\/comments?post=672"}],"version-history":[{"count":2,"href":"https:\/\/corfhu.cl\/demo\/wp-json\/wp\/v2\/pages\/672\/revisions"}],"predecessor-version":[{"id":674,"href":"https:\/\/corfhu.cl\/demo\/wp-json\/wp\/v2\/pages\/672\/revisions\/674"}],"wp:attachment":[{"href":"https:\/\/corfhu.cl\/demo\/wp-json\/wp\/v2\/media?parent=672"}],"curies":[{"name":"wp","href":"https:\/\/api.w.org\/{rel}","templated":true}]}}